alculate j(-3).
1
Let a(g) = -g**2 + 3*g + 46. Let l be a(9). Let u(f) = f**2 + 10*f + 5. Give u(l).
-11
Let i(s) be the first derivative of -1/24*s**4 + 1 + 3/2*s**2 + 0*s - 1/6*s**3. Let o(h) be the second derivative of i(h). What is o(4)?
-5
Let f(x) be the first derivative of x**3/6 + x**2/2 + 2*x + 3. Let z(l) be the first derivative of f(l). Calculate z(0).
1
Let u(a) = 15*a**3 + 2 + 2*a**2 - 5*a - 3*a**2 - 14*a**3. Determine u(3).
5
Let f(w) = 3 + 1 + 48*w + 0 - w**2 - 51*w. Calculate f(-4).
0
Let u(w) = 943 - 943 + 3*w - 2*w. Give u(-7).
-7
Let n(o) be the first derivative of -o**3/3 + 2*o**2 + 7*o - 4. Give n(6).
-5
Let w = 12 - 13. Let h(z) = -6*z**3 + z**2. What is h(w)?
7
Let a(s) be the third derivative of s**6/120 + s**5/20 + s**4/24 - s**3/3 + 20*s**2. What is a(-3)?
-5
Suppose 3*b = b + 20. Suppose 3*f + 2*f = b. Let w(t) = f*t**3 - 2*t**3 + 1 - 2*t**2 - t + t**3 + 0*t**3. Determine w(3).
7
Let d = -1 - -4. Suppose -2*a - 10 = -4*g - 4*a, -5*g = -d*a - 18. Suppose -4*s - p - 1 = 0, -s + g*p = -p + 13. Let o(f) = 4*f**2 - f - 1. Determine o(s).
4
Let h(r) be the third derivative of -r**5/30 + r**3/3 - 2*r**2. Let s(c) = c**3 - 4*c**2 - 6*c + 7. Let d be s(5). Calculate h(d).
-6
Let c(u) = -u**2 - 8*u - 3. Let z(y) = y**3 + 8*y**2 - 8. Let n be z(-8). Determine c(n).
-3
Let f(r) be the first derivative of -r**3/3 + 3*r**2 + 5*r - 9. Determine f(6).
5
Let o(y) = -y - y**2 + y**3 - 1 + 5 - 3. Let b(k) = -2*k**3 + 3*k**2 - 1. Let u(w) = -b(w) - 4*o(w). Give u(2).
-7
Let t = 14 + -10. Suppose t*b = -2*l - 18, -5*b - 2 = -l + 24. Let c(j) = j - 2. What is c(b)?
-7
Let h be ((-2)/6)/((-1)/9). Let x(m) = m**3 + h*m**2 + 0*m**3 - 2*m**2. Let n be ((-8)/(-16))/((-1)/2). What is x(n)?
0
Let n(w) = w**2. Suppose x - 6 = -0. Let d be ((-8)/12)/((-2)/x). Determine n(d).
4
Suppose 3*u = -2*u. Suppose o = 4*b - 5, b - o + 4*o + 2 = u. Let w(q) = -q + q**3 + 2*q + 0*q - 3*q**2. Calculate w(b).
-1
Let w be (0 - -2)*(-6)/12. Let i(l) = -2*l + 1. Give i(w).
3
Let z(q) = 2*q - 38. Let o be z(19). Let l(s) = s**2 - s + 5. Calculate l(o).
5
Let f be -1 + (-16)/(-5) - 55/275. Let d(r) be the second derivative of 0*r**f - 1/12*r**4 + 9/20*r**5 + 0 + 4*r - 1/6*r**3. Determine d(-1).
-9
Suppose 0 = -3*n + 6*v - v + 5, -32 = 4*n + 3*v. Let o = n + 8. Let d = 4 - o. Let j(f) = 3*f - 1. What is j(d)?
2
Suppose -6*t + t = b - 13, 4*t = 5*b + 22. Let k(l) = 0*l + 7 + 3 - 4*l + t*l. Give k(5).
5
Let g = 16 + -21. Let d(r) = 2*r**2 - 5*r + 7. Let i(p) = -3*p**2 + 5*p - 7. Let c(w) = 4*d(w) + 3*i(w). What is c(g)?
7
Let u(j) = -j**3 - 2*j**2 - 2*j - 1. Suppose -3*y + 0 = -39. Suppose 4*a - 4*d = 1 + 11, -a - y = 3*d. Give u(a).
0
Let d(t) = -t**3 + 5*t**2 + t - 5. Let j = 4 - 2. Suppose j = 5*s - 23. Calculate d(s).
0
Let p(n) = 2*n - 7*n**2 + 2 + 5*n**3 + 0*n**3 + 3*n**2 - 4*n**3. Give p(2).
-2
Let n(s) = -3*s. Let x = -14 - -9. Let f = x + 6. Let u be n(f). Let b(q) = 3*q - 2. Calculate b(u).
-11
Let r(t) = t**2 + 5*t + 1. Suppose -39 = -3*m + 3*k, -m + 6*k = 2*k - 13. Suppose 3*s + m = -2*g, 2*g = -2*s + 7*s + 27. Calculate r(s).
1
Let d(p) = 4*p + 5*p + 6 + 0 - 3*p + p**2. What is d(-4)?
-2
Let t(g) be the first derivative of 2 - g - g**2 + 0*g**3 + 5/4*g**4. Let b = 1 - 2. Give t(b).
-4
Let b(m) = 5*m**3 - m**2 + 7*m + 13. Let p(g) = -g**3 + g**2 - g - 1. Let z(d) = -b(d) - 6*p(d). What is z(5)?
-12
Let f(n) be the second derivative of -n**7/840 - n**6/90 + n**5/30 + 4*n**3/3 + 6*n. Let r(q) be the second derivative of f(q). Give r(-5).
5
Let a(h) be the second derivative of 1/60*h**5 + 1/3*h**3 + 2*h + 0*h**2 + 0 - 1/360*h**6 - 1/12*h**4. Let r(t) be the second derivative of a(t). What is r(4)?
-10
Let r(x) = -x**2 + 3*x - 2. Let q = 85 + -82. Determine r(q).
-2
Let q = 0 - 2. Let t(x) = -x**2 - 4*x + 2 + x + 5*x. Determine t(q).
-6
Let y(w) = w + 3. Suppose 2*v - 4*v = -12. Suppose -3*k = -v*k. Determine y(k).
3
Let n(v) be the first derivative of -1/4*v**4 + 3/2*v**2 + 3 - 3*v + v**3. Let d(u) = 2*u**2 + 2*u - 1. Let a be d(1). Calculate n(a).
6
Let c(f) = 16*f**2 - 14*f + 1. Let u(g) = -3*g**2 + 3*g. Let b(j) = -2*c(j) - 11*u(j). Calculate b(6).
4
Let h(x) = x**2 - 6*x. Let d(u) = -u**2 + u - 1. Let q(n) = -2*d(n) - h(n). What is q(-3)?
-1
Let x(q) = 2*q - 5. Let i(w) be the second derivative of -w**5/20 + w**4/3 + 2*w**2 - 4*w. Let h be i(4). Give x(h).
3
Let u(z) be the first derivative of -z**4/4 + 4*z**3/3 - z**2 + 1. Calculate u(3).
3
Let n(f) = f**2 + 2*f - 2. Let v(d) = 5*d**2 + 11*d - 10. Let x = 19 + -21. Let z(y) = x*v(y) + 11*n(y). Calculate z(3).
7
Let i(l) = l**3 + 4*l**2 - l - 4. Let b be (-8)/(-24) + 107/3. Suppose 2*r = 4*q + b, 0*q + r = 5*q + 42. Let k = -11 - q. What is i(k)?
8
Suppose s - 2*s = -4*w - 4, -s = -5*w - 5. Let q be 62/589 + 110/38. Suppose s = -q*i - m - 0 - 2, -4*i + 3*m - 7 = 0. Let b(y) = -y**2 - y - 1. Determine b(i).
-1
Let h(w) = -w**3 + w**2 + 1 + 0*w**2 - 4*w**2. Let g be -3*(-3)/(4 + -7). Calculate h(g).
1
Let p(q) = -q**3 + 6*q**2 + 3*q + 4. Suppose 91 = -4*i + 17*i. What is p(i)?
-24
Let d(r) be the third derivative of r**6/120 + r**5/15 - r**4/4 + r**3 + 24*r**2 + 2*r. Give d(-5).
11
Let l(j) = 3 + 5*j - 4*j + 3*j - j - 3*j**2. Let o(f) = -3*f**2 + 3*f + 4. Let c(u) = -5*l(u) + 4*o(u). Calculate c(2).
7
Let y = -3 - -8. Suppose -4*o + 9*o + y = 0. Let j(m) = -6*m**2 + m. Calculate j(o).
-7
Let w(n) = 3*n + 4. Suppose 0 = 5*q - z + 16, 4*q = -q - 4*z - 11. Let r be w(q). Let a(p) = -p**3 - 6*p**2 - 4*p + 6. What is a(r)?
1
Let m(q) = -q + 5. Let a(w) = 1. Let l(v) = -3*v + 33. Let j be l(9). Let t = -2 + 1. Let k(x) = j*a(x) + t*m(x). Give k(-4).
-3
Let o(w) = w**2 + 5*w + 6. Suppose 3*t + t = -20. Calculate o(t).
6
Let l(i) = -i**2 - 2*i. Let z(b) = -b. Let q be z(-2). Give l(q).
-8
Let b(p) = p + 6. Let k be b(-5). Let h(d) = d. Let w(f) = -f. Let r(i) = -6*h(i) - 15*w(i). Calculate r(k).
9
Let s(w) = w**3 + 4*w**2. Let r be -6 - -1*(0 - -2). Determine s(r).
0
Let g be -1 + 12/6 + -8. Let q(t) = -t - 9. What is q(g)?
-2
Let w(l) = l**2 - 3*l - 1. Let f = -1 - 3. Let u(y) = -y**2 - 2*y + 4. Let k be u(f). Let s be (-15)/k - (-2)/8. What is w(s)?
3
Suppose 0 = 3*h - 0*h + 5*y + 14, -2*y = 5*h + 17. Let u = 5 + h. Let b(v) = 2*v**2 + u*v - v + 3*v**3 + 0*v. Give b(-1).
-2
Let i(b) be the second derivative of b**5/5 - b**4/6 - b**3/6 - b. Suppose -4*g - 10 = -2*g. Let d = 4 + g. What is i(d)?
-5
Suppose 2*p = 7*p + 35. Let n(v) = -v**3 - 8*v**2 - 7*v + 9. Give n(p).
9
Let g be ((-2)/(-8))/((-2)/(-8)). Let c = 5 - g. Let t(u) be the second derivative of -u**4/12 + 2*u**3/3 + 2*u**2 - u. Calculate t(c).
4
Suppose -5*d + 5*a = 35, -11 = 2*d - 3*a - 2*a. Let c be 16/6*18/d. Let o(v) = -v**3 - 7*v**2 - 7*v - 4. Determine o(c).
2
Let l(t) = -t**2 - 3. Let b = -7 - -9. Suppose b = 2*z - 2*r, 3*z - 2*r + 0 - 2 = 0. Calculate l(z).
-3
Let m(c) = -c**2 - 3 + 0*c - c + 3*c. Let a(q) = q**2 + 9*q + 18. Let v be a(-7). What is m(v)?
-11
Let k(m) = -m**3 + 6*m**2 + 6*m + 4. Suppose 17 = 8*s - 39. Calculate k(s).
-3
Let v(m) = m**3 + m**2 - 2. Let a = -6 + 4. Let f be v(a). Let l(q) = q**2 + 5*q - 3. What is l(f)?
3
Let q(g) be the third derivative of 0*g - 1/8*g**4 + 0 + 5/6*g**3 + 3*g**2. Give q(5).
-10
Let f(p) = -p**3 - p**2 + 5*p + 3. Let t(a) be the second derivative of a**4/12 - 4*a**3/3 + 2*a**2 + 4*a. Let b be t(7). Determine f(b).
6
Let f(z) be the second derivative of -5*z**4/12 + z**3/6 + z**2/2 - 2*z + 17. Let q be -2 - ((-1 - -1) + -1). Calculate f(q).
-5
Let n(x) be the second derivative of -x**3/6 + 5*x**2/2 + 2*x + 11. Determine n(5).
0
Let j be 11/(-2) - (-2)/4. Let i(p) = 2 + 0*p**2 - 1 - p**2 - 6*p - 4. Calculate i(j).
2
Let o(i) = i + 6. Suppose -40 = -4*p + 12*p. Determine o(p).
1
Let u(o) = 5*o - 6*o + 37 - 44. Determine u(-3).
-4
Suppose 0*i + 4 = 2*i. Let q(j) = 1 + j**2 - 3*j**i + 1 - j. Determine q(-3).
-13
Let f(a) = -12*a. Let k = -16 + 17. Calculate f(k).
-12
Let n(t) = -t**2 + 6*t. Let a(b) be the second derivative of -b**4/12 + b**3 + b**2/2 - 7*b. Let h(v) = -3*a(v) + 2*n(v). Determine h(7).
4
Let d(y) = -y**3 - 4*y**2 - 3*y - 1. Suppose -2*l = -4*l + 12. Suppose 0*h - 3*h - l = 0. Give d(h).
-3
Let b be (-14)/4 - (21/(-6) + 2). Let z(l) = 2*l**2 - 2. What is z(b)?
6
Let r(u) = -2*u + 4. Le